{"id":182,"date":"2022-11-19T16:39:33","date_gmt":"2022-11-19T16:39:33","guid":{"rendered":"http:\/\/lasaladeesperaelmusical.es\/?page_id=182"},"modified":"2024-12-11T13:07:04","modified_gmt":"2024-12-11T13:07:04","slug":"el-proyecto","status":"publish","type":"page","link":"https:\/\/lasaladeesperaelmusical.es\/index.php\/el-proyecto\/","title":{"rendered":"El Musical"},"content":{"rendered":"\t\t<div data-elementor-type=\"wp-page\" data-elementor-id=\"182\" class=\"elementor elementor-182\" data-elementor-post-type=\"page\">\n\t\t\t\t<div class=\"elementor-element elementor-element-b20a8fd e-flex e-con-boxed e-con e-parent\" data-id=\"b20a8fd\" data-element_type=\"container\">\n\t\t\t\t\t<div class=\"e-con-inner\">\n\t\t\t\t<div class=\"elementor-element elementor-element-4d61eab elementor-widget elementor-widget-image\" data-id=\"4d61eab\" data-element_type=\"widget\" data-widget_type=\"image.default\">\n\t\t\t\t<div class=\"elementor-widget-container\">\n\t\t\t\t\t\t\t\t\t\t\t\t\t<img fetchpriority=\"high\" decoding=\"async\" width=\"800\" height=\"117\" src=\"https:\/\/lasaladeesperaelmusical.es\/wp-content\/uploads\/2024\/11\/Logo-2-e1727287934343-1-1024x150.png\" class=\"attachment-large size-large wp-image-586\" alt=\"\" srcset=\"https:\/\/lasaladeesperaelmusical.es\/wp-content\/uploads\/2024\/11\/Logo-2-e1727287934343-1-1024x150.png 1024w, https:\/\/lasaladeesperaelmusical.es\/wp-content\/uploads\/2024\/11\/Logo-2-e1727287934343-1-300x44.png 300w, https:\/\/lasaladeesperaelmusical.es\/wp-content\/uploads\/2024\/11\/Logo-2-e1727287934343-1-768x113.png 768w, https:\/\/lasaladeesperaelmusical.es\/wp-content\/uploads\/2024\/11\/Logo-2-e1727287934343-1-1536x225.png 1536w, https:\/\/lasaladeesperaelmusical.es\/wp-content\/uploads\/2024\/11\/Logo-2-e1727287934343-1-2048x300.png 2048w\" sizes=\"(max-width: 800px) 100vw, 800px\" \/>\t\t\t\t\t\t\t\t\t\t\t\t\t<\/div>\n\t\t\t\t<\/div>\n\t\t\t\t\t<\/div>\n\t\t\t\t<\/div>\n\t\t<div class=\"elementor-element elementor-element-1be98d6 e-grid e-con-boxed e-con e-parent\" data-id=\"1be98d6\" data-element_type=\"container\" data-settings=\"{&quot;background_background&quot;:&quot;classic&quot;}\">\n\t\t\t\t\t<div class=\"e-con-inner\">\n\t\t<div class=\"elementor-element elementor-element-65aa5bb e-con-full e-flex e-con e-child\" data-id=\"65aa5bb\" data-element_type=\"container\">\n\t\t\t\t<div class=\"elementor-element elementor-element-70940e3 elementor-widget elementor-widget-heading\" data-id=\"70940e3\" data-element_type=\"widget\" data-widget_type=\"heading.default\">\n\t\t\t\t<div class=\"elementor-widget-container\">\n\t\t\t<h2 class=\"elementor-heading-title elementor-size-default\">El Musical<\/h2>\t\t<\/div>\n\t\t\t\t<\/div>\n\t\t\t\t<div class=\"elementor-element elementor-element-105a147 elementor-widget elementor-widget-text-editor\" data-id=\"105a147\" data-element_type=\"widget\" data-widget_type=\"text-editor.default\">\n\t\t\t\t<div class=\"elementor-widget-container\">\n\t\t\t\t\t\t\t<p><strong><em>La Sala De Espera: El Musical<\/em><\/strong>, es un proyecto que naci\u00f3 en 2018, en la cabeza de un joven llamado Nicol\u00e1s Sans L\u00f3pez. En 2021 la idea se retom\u00f3 y empezaron a escribirse las canciones y el libreto. En Septiembre de 2022 se hizo el Casting y comenzaron los ensayos y la producci\u00f3n musical. La obra se estren\u00f3 el 16 y 17 de diciembre de 2022, en el Colegio Mayor Loyola (Madrid).<\/p>\n<p><!-- \/wp:paragraph --><!-- wp:paragraph --><\/p>\n<p>Este proyecto es una aventura como nunca antes se hab\u00eda emprendido, y es que esta obra convierte a Nicol\u00e1s en <b>el compositor de musicales m\u00e1s joven de Espa\u00f1a<\/b>. De hecho, gran parte del equipo tambi\u00e9n est\u00e1 formado por j\u00f3venes con mucho talento, lo que hace a este proyecto \u00fanico.<\/p>\n<p><!-- \/wp:paragraph --><\/p>\t\t\t\t\t\t<\/div>\n\t\t\t\t<\/div>\n\t\t\t\t<\/div>\n\t\t\t\t<div class=\"elementor-element elementor-element-ebfecc8 elementor-widget__width-inherit elementor-widget elementor-widget-image\" data-id=\"ebfecc8\" data-element_type=\"widget\" data-widget_type=\"image.default\">\n\t\t\t\t<div class=\"elementor-widget-container\">\n\t\t\t\t\t\t\t\t\t\t\t\t\t<img decoding=\"async\" width=\"800\" height=\"534\" src=\"https:\/\/lasaladeesperaelmusical.es\/wp-content\/uploads\/2024\/12\/La-Sala-de-Espera_FUNCION-2762-1024x683.jpg\" class=\"attachment-large size-large wp-image-602\" alt=\"\" srcset=\"https:\/\/lasaladeesperaelmusical.es\/wp-content\/uploads\/2024\/12\/La-Sala-de-Espera_FUNCION-2762-1024x683.jpg 1024w, https:\/\/lasaladeesperaelmusical.es\/wp-content\/uploads\/2024\/12\/La-Sala-de-Espera_FUNCION-2762-300x200.jpg 300w, https:\/\/lasaladeesperaelmusical.es\/wp-content\/uploads\/2024\/12\/La-Sala-de-Espera_FUNCION-2762-768x512.jpg 768w, https:\/\/lasaladeesperaelmusical.es\/wp-content\/uploads\/2024\/12\/La-Sala-de-Espera_FUNCION-2762-1536x1024.jpg 1536w, https:\/\/lasaladeesperaelmusical.es\/wp-content\/uploads\/2024\/12\/La-Sala-de-Espera_FUNCION-2762-2048x1366.jpg 2048w\" sizes=\"(max-width: 800px) 100vw, 800px\" \/>\t\t\t\t\t\t\t\t\t\t\t\t\t<\/div>\n\t\t\t\t<\/div>\n\t\t\t\t\t<\/div>\n\t\t\t\t<\/div>\n\t\t<div class=\"elementor-element elementor-element-2485209 e-grid e-con-boxed e-con e-parent\" data-id=\"2485209\" data-element_type=\"container\" data-settings=\"{&quot;background_background&quot;:&quot;classic&quot;}\">\n\t\t\t\t\t<div class=\"e-con-inner\">\n\t\t\t\t<div class=\"elementor-element elementor-element-dd38718 elementor-widget elementor-widget-image\" data-id=\"dd38718\" data-element_type=\"widget\" data-widget_type=\"image.default\">\n\t\t\t\t<div class=\"elementor-widget-container\">\n\t\t\t\t\t\t\t\t\t\t\t\t\t<img decoding=\"async\" width=\"800\" height=\"534\" src=\"https:\/\/lasaladeesperaelmusical.es\/wp-content\/uploads\/2024\/12\/@uri.mp_October-19-2023-203-2-1024x684.jpg\" class=\"attachment-large size-large wp-image-624\" alt=\"\" srcset=\"https:\/\/lasaladeesperaelmusical.es\/wp-content\/uploads\/2024\/12\/@uri.mp_October-19-2023-203-2-1024x684.jpg 1024w, https:\/\/lasaladeesperaelmusical.es\/wp-content\/uploads\/2024\/12\/@uri.mp_October-19-2023-203-2-300x200.jpg 300w, https:\/\/lasaladeesperaelmusical.es\/wp-content\/uploads\/2024\/12\/@uri.mp_October-19-2023-203-2-768x513.jpg 768w, https:\/\/lasaladeesperaelmusical.es\/wp-content\/uploads\/2024\/12\/@uri.mp_October-19-2023-203-2-1536x1026.jpg 1536w, https:\/\/lasaladeesperaelmusical.es\/wp-content\/uploads\/2024\/12\/@uri.mp_October-19-2023-203-2-2048x1368.jpg 2048w\" sizes=\"(max-width: 800px) 100vw, 800px\" \/>\t\t\t\t\t\t\t\t\t\t\t\t\t<\/div>\n\t\t\t\t<\/div>\n\t\t<div class=\"elementor-element elementor-element-e4c7a38 e-con-full e-flex e-con e-child\" data-id=\"e4c7a38\" data-element_type=\"container\">\n\t\t\t\t<div class=\"elementor-element elementor-element-292a4a0 elementor-widget elementor-widget-heading\" data-id=\"292a4a0\" data-element_type=\"widget\" data-widget_type=\"heading.default\">\n\t\t\t\t<div class=\"elementor-widget-container\">\n\t\t\t<h2 class=\"elementor-heading-title elementor-size-default\">El Mensaje<\/h2>\t\t<\/div>\n\t\t\t\t<\/div>\n\t\t\t\t<div class=\"elementor-element elementor-element-4b3c12cc elementor-widget elementor-widget-text-editor\" data-id=\"4b3c12cc\" data-element_type=\"widget\" data-widget_type=\"text-editor.default\">\n\t\t\t\t<div class=\"elementor-widget-container\">\n\t\t\t\t\t\t\t<p>Generalmente, son las grandes compa\u00f1\u00edas las que producen obras importantes, pero es de vital importancia que obras no tan masivas puedan conocerse y que todos puedan disfrutar de ellas. Adem\u00e1s, como ya hemos dicho, la mayor\u00eda del equipo est\u00e1 formada por gente joven y ya ha llegado la hora de que nosotros <strong>tambi\u00e9n podamos tener una voz en este mundillo<\/strong>. Por esta raz\u00f3n, necesitamos tu ayuda: te pedimos que hables del musical a todo el mundo, para que pueda venir mucha gente a verlo, y m\u00e1s proyectos as\u00ed puedan salir a la luz.<\/p>\n<p>Puedes disfrutar de m\u00e1s contenido y de las \u00faltimas noticias en la cuenta oficial de Instagram del musical: @lasaladeesperaelmusical<\/p>\t\t\t\t\t\t<\/div>\n\t\t\t\t<\/div>\n\t\t\t\t<\/div>\n\t\t\t\t\t<\/div>\n\t\t\t\t<\/div>\n\t\t\t\t<\/div>\n\t\t","protected":false},"excerpt":{"rendered":"<p>El Musical La Sala De Espera: El Musical, es un proyecto que naci\u00f3 en 2018, en la cabeza de un joven llamado Nicol\u00e1s Sans L\u00f3pez. En 2021 la idea se retom\u00f3 y empezaron a escribirse las canciones y el libreto. En Septiembre de 2022 se hizo el Casting y comenzaron los ensayos y la producci\u00f3n [&hellip;]<\/p>\n","protected":false},"author":1,"featured_media":163,"parent":0,"menu_order":0,"comment_status":"closed","ping_status":"closed","template":"elementor_theme","meta":{"footnotes":""},"class_list":["post-182","page","type-page","status-publish","has-post-thumbnail","hentry"],"_links":{"self":[{"href":"https:\/\/lasaladeesperaelmusical.es\/index.php\/wp-json\/wp\/v2\/pages\/182","targetHints":{"allow":["GET"]}}],"collection":[{"href":"https:\/\/lasaladeesperaelmusical.es\/index.php\/wp-json\/wp\/v2\/pages"}],"about":[{"href":"https:\/\/lasaladeesperaelmusical.es\/index.php\/wp-json\/wp\/v2\/types\/page"}],"author":[{"embeddable":true,"href":"https:\/\/lasaladeesperaelmusical.es\/index.php\/wp-json\/wp\/v2\/users\/1"}],"replies":[{"embeddable":true,"href":"https:\/\/lasaladeesperaelmusical.es\/index.php\/wp-json\/wp\/v2\/comments?post=182"}],"version-history":[{"count":0,"href":"https:\/\/lasaladeesperaelmusical.es\/index.php\/wp-json\/wp\/v2\/pages\/182\/revisions"}],"wp:featuredmedia":[{"embeddable":true,"href":"https:\/\/lasaladeesperaelmusical.es\/index.php\/wp-json\/wp\/v2\/media\/163"}],"wp:attachment":[{"href":"https:\/\/lasaladeesperaelmusical.es\/index.php\/wp-json\/wp\/v2\/media?parent=182"}],"curies":[{"name":"wp","href":"https:\/\/api.w.org\/{rel}","templated":true}]}}

<div data-elementor-type="wp-page" data-elementor-id="182" class="elementor elementor-182" data-elementor-post-type="page">
				<div class="elementor-element elementor-element-b20a8fd e-flex e-con-boxed e-con e-parent" data-id="b20a8fd" data-element_type="container">
					<div class="e-con-inner">
				<div class="elementor-element elementor-element-4d61eab elementor-widget elementor-widget-image" data-id="4d61eab" data-element_type="widget" data-widget_type="image.default">
				<div class="elementor-widget-container">
													<img fetchpriority="high" decoding="async" width="800" height="117" src="https://lasaladeesperaelmusical.es/wp-content/uploads/2024/11/Logo-2-e1727287934343-1-1024x150.png" class="attachment-large size-large wp-image-586" alt="" srcset="https://lasaladeesperaelmusical.es/wp-content/uploads/2024/11/Logo-2-e1727287934343-1-1024x150.png 1024w, https://lasaladeesperaelmusical.es/wp-content/uploads/2024/11/Logo-2-e1727287934343-1-300x44.png 300w, https://lasaladeesperaelmusical.es/wp-content/uploads/2024/11/Logo-2-e1727287934343-1-768x113.png 768w, https://lasaladeesperaelmusical.es/wp-content/uploads/2024/11/Logo-2-e1727287934343-1-1536x225.png 1536w, https://lasaladeesperaelmusical.es/wp-content/uploads/2024/11/Logo-2-e1727287934343-1-2048x300.png 2048w" sizes="(max-width: 800px) 100vw, 800px" />													</div>
				</div>
					</div>
				</div>
		<div class="elementor-element elementor-element-1be98d6 e-grid e-con-boxed e-con e-parent" data-id="1be98d6" data-element_type="container" data-settings="{&quot;background_background&quot;:&quot;classic&quot;}">
					<div class="e-con-inner">
		<div class="elementor-element elementor-element-65aa5bb e-con-full e-flex e-con e-child" data-id="65aa5bb" data-element_type="container">
				<div class="elementor-element elementor-element-70940e3 elementor-widget elementor-widget-heading" data-id="70940e3" data-element_type="widget" data-widget_type="heading.default">
				<div class="elementor-widget-container">
			<h2 class="elementor-heading-title elementor-size-default">El Musical</h2>		</div>
				</div>
				<div class="elementor-element elementor-element-105a147 elementor-widget elementor-widget-text-editor" data-id="105a147" data-element_type="widget" data-widget_type="text-editor.default">
				<div class="elementor-widget-container">
							<p><strong><em>La Sala De Espera: El Musical</em></strong>, es un proyecto que nació en 2018, en la cabeza de un joven llamado Nicolás Sans López. En 2021 la idea se retomó y empezaron a escribirse las canciones y el libreto. En Septiembre de 2022 se hizo el Casting y comenzaron los ensayos y la producción musical. La obra se estrenó el 16 y 17 de diciembre de 2022, en el Colegio Mayor Loyola (Madrid).</p>
<p><!-- /wp:paragraph --><!-- wp:paragraph --></p>
<p>Este proyecto es una aventura como nunca antes se había emprendido, y es que esta obra convierte a Nicolás en <b>el compositor de musicales más joven de España</b>. De hecho, gran parte del equipo también está formado por jóvenes con mucho talento, lo que hace a este proyecto único.</p>
<p><!-- /wp:paragraph --></p>						</div>
				</div>
				</div>
				<div class="elementor-element elementor-element-ebfecc8 elementor-widget__width-inherit elementor-widget elementor-widget-image" data-id="ebfecc8" data-element_type="widget" data-widget_type="image.default">
				<div class="elementor-widget-container">
													<img decoding="async" width="800" height="534" src="https://lasaladeesperaelmusical.es/wp-content/uploads/2024/12/La-Sala-de-Espera_FUNCION-2762-1024x683.jpg" class="attachment-large size-large wp-image-602" alt="" srcset="https://lasaladeesperaelmusical.es/wp-content/uploads/2024/12/La-Sala-de-Espera_FUNCION-2762-1024x683.jpg 1024w, https://lasaladeesperaelmusical.es/wp-content/uploads/2024/12/La-Sala-de-Espera_FUNCION-2762-300x200.jpg 300w, https://lasaladeesperaelmusical.es/wp-content/uploads/2024/12/La-Sala-de-Espera_FUNCION-2762-768x512.jpg 768w, https://lasaladeesperaelmusical.es/wp-content/uploads/2024/12/La-Sala-de-Espera_FUNCION-2762-1536x1024.jpg 1536w, https://lasaladeesperaelmusical.es/wp-content/uploads/2024/12/La-Sala-de-Espera_FUNCION-2762-2048x1366.jpg 2048w" sizes="(max-width: 800px) 100vw, 800px" />													</div>
				</div>
					</div>
				</div>
		<div class="elementor-element elementor-element-2485209 e-grid e-con-boxed e-con e-parent" data-id="2485209" data-element_type="container" data-settings="{&quot;background_background&quot;:&quot;classic&quot;}">
					<div class="e-con-inner">
				<div class="elementor-element elementor-element-dd38718 elementor-widget elementor-widget-image" data-id="dd38718" data-element_type="widget" data-widget_type="image.default">
				<div class="elementor-widget-container">
													<img decoding="async" width="800" height="534" src="https://lasaladeesperaelmusical.es/wp-content/uploads/2024/12/@uri.mp_October-19-2023-203-2-1024x684.jpg" class="attachment-large size-large wp-image-624" alt="" srcset="https://lasaladeesperaelmusical.es/wp-content/uploads/2024/12/@uri.mp_October-19-2023-203-2-1024x684.jpg 1024w, https://lasaladeesperaelmusical.es/wp-content/uploads/2024/12/@uri.mp_October-19-2023-203-2-300x200.jpg 300w, https://lasaladeesperaelmusical.es/wp-content/uploads/2024/12/@uri.mp_October-19-2023-203-2-768x513.jpg 768w, https://lasaladeesperaelmusical.es/wp-content/uploads/2024/12/@uri.mp_October-19-2023-203-2-1536x1026.jpg 1536w, https://lasaladeesperaelmusical.es/wp-content/uploads/2024/12/@uri.mp_October-19-2023-203-2-2048x1368.jpg 2048w" sizes="(max-width: 800px) 100vw, 800px" />													</div>
				</div>
		<div class="elementor-element elementor-element-e4c7a38 e-con-full e-flex e-con e-child" data-id="e4c7a38" data-element_type="container">
				<div class="elementor-element elementor-element-292a4a0 elementor-widget elementor-widget-heading" data-id="292a4a0" data-element_type="widget" data-widget_type="heading.default">
				<div class="elementor-widget-container">
			<h2 class="elementor-heading-title elementor-size-default">El Mensaje</h2>		</div>
				</div>
				<div class="elementor-element elementor-element-4b3c12cc elementor-widget elementor-widget-text-editor" data-id="4b3c12cc" data-element_type="widget" data-widget_type="text-editor.default">
				<div class="elementor-widget-container">
							<p>Generalmente, son las grandes compañías las que producen obras importantes, pero es de vital importancia que obras no tan masivas puedan conocerse y que todos puedan disfrutar de ellas. Además, como ya hemos dicho, la mayoría del equipo está formada por gente joven y ya ha llegado la hora de que nosotros <strong>también podamos tener una voz en este mundillo</strong>. Por esta razón, necesitamos tu ayuda: te pedimos que hables del musical a todo el mundo, para que pueda venir mucha gente a verlo, y más proyectos así puedan salir a la luz.</p>
<p>Puedes disfrutar de más contenido y de las últimas noticias en la cuenta oficial de Instagram del musical: @lasaladeesperaelmusical</p>						</div>
				</div>
				</div>
					</div>
				</div>
				</div>

<p>El Musical La Sala De Espera: El Musical, es un proyecto que nació en 2018, en la cabeza de un joven llamado Nicolás Sans López. En 2021 la idea se retomó y empezaron a escribirse las canciones y el libreto. En Septiembre de 2022 se hizo el Casting y comenzaron los ensayos y la producción [&hellip;]</p>
